4 + 20*d - 15. What are the prime factors of f(55)?
29, 37
List the prime factors of (-47383)/343*(-23 - -2).
3, 967
Let f(n) = n**3 - 9*n**2 + 13*n + 19. Let k be f(-7). Let o = -471 - k. List the prime factors of o.
5, 7, 11
Suppose -4*p = -2*o - 2*p + 1310, 2*p = -o + 661. Let u = o + -426. What are the prime factors of u?
3, 7, 11
Let q be 18 - (-304)/(-22) - 2/11. Let k = 826 + -573. Suppose -2*p + k = 4*f + p, f - q*p = 68. What are the prime factors of f?
2
Let a(q) = q**3 - 2*q**2 - 22*q + 22. Suppose -8*p = -313 + 233. What are the prime factors of a(p)?
2, 7, 43
What are the prime factors of 13353 - 45*(-17)/51?
2, 3, 557
Let o be (-11)/13 - -1 - 194682/(-39). Suppose -3*j = -3*z + o, -8*z - 4*j = 6142 - 19490. What are the prime factors of z?
1667
Suppose -8*f + 9*f - 5*t - 18972 = 0, 75744 = 4*f + 4*t. What are the prime factors of f?
2, 3, 7, 11, 41
Let i = -251 - -253. Suppose -2 = -3*p + 1, 0 = 4*w - i*p - 1434. List the prime factors of w.
359
What are the prime factors of (6/(-2) + 25)*5900/10?
2, 5, 11, 59
Let p = 9251 - -740. List the prime factors of p.
97, 103
Let r(p) be the first derivative of 10*p**2 + 2*p + 2. Suppose 5*o + 5*m - 15 = -0*m, -4*m = 2*o - 2. List the prime factors of r(o).
2, 3, 17
Suppose 4*a = 5*l - 185135 + 34146, 120801 = 4*l - 13*a. What are the prime factors of l?
30197
Let z(b) be the third derivative of b**6/120 + 3*b**5/10 - 23*b**4/8 + 19*b**3/6 + 2*b**2 + 47*b. List the prime factors of z(-21).
5, 29
Let r = 142 - 102. Suppose -4*o + 3*w + 36 = 0, -2*o - 4 = 3*w - r. List the prime factors of -70*o*6/(-30).
2, 3, 7
Let t = 50 + -29. Let c(x) = -65*x - 64*x + 135*x + t + 19. List the prime factors of c(6).
2, 19
Suppose -2*g + 11*g - 405 = 0. Let j = g - -153. Suppose j = b - 3*k, 0*b + 4*k + 968 = 5*b. List the prime factors of b.
2, 3
Let l(p) = 25 + 14*p + 13*p**3 + 0*p + 2*p - 14*p**3 - 30*p**2. List the prime factors of l(-31).
2, 5, 7
Suppose 0 = 2*x - 4*o - 26, -2*x - 4*o + 6*o + 18 = 0. Suppose -2*s + x*s = 2436. List the prime factors of s.
2, 7, 29
Let t = 322 - 326. List the prime factors of 590 + (-3 - t - 8).
11, 53
List the prime factors of (27 - 2)*(6 - (-2447 + -15)).
2, 5, 617
Let r(g) = g**2 - 30*g + 472. List the prime factors of r(-85).
10247
Let p be (32/6)/((-5)/(30/(-4))). Let o(q) = q**3 - 7*q**2 - 6*q + 15. Let f be o(p). Suppose 5*w = 5*j + 440, 3*j - f + 109 = w. List the prime factors of w.
3, 31
Let o = -777 - -11025. What are the prime factors of o?
2, 3, 7, 61
Let q(s) = 226*s - 5399. List the prime factors of q(108).
19009
Let a(i) = 30*i**2 + 13*i + 21. What are the prime factors of a(-12)?
3, 5, 31
Let f(b) be the second derivative of b**5/10 + 17*b**4/6 - b**3/6 - 23*b**2/2 + 24*b. Let p be f(-17). List the prime factors of ((-141)/6)/(3/p).
47
What are the prime factors of 52*(-184)/(-2) - (51 + -52)?
3, 5, 11, 29
Let g(n) = 36*n + 54. Suppose -5*h + 21 = -3*r, -2*h - 5*r = 1 - 28. What are the prime factors of g(h)?
2, 3, 5
Let r(y) = -2*y**2 - y**3 + 4*y + y**2 + 14 - 10. Let o be r(-2). Suppose 3*w + 348 = 3*c, o = 5*c - 2*w - 814 + 231. What are the prime factors of c?
3, 13
Suppose -3*v + 66 = 2*o, -3*v + 14*o - 19*o + 75 = 0. What are the prime factors of 13*v - (8 + -12)?
2, 3, 11
Let x = 80 - 19. Suppose -63*a + 22 = -x*a. Suppose -20*l = -a*l - 783. List the prime factors of l.
3, 29
Let p = -670 - -978. Let l = p + -156. What are the prime factors of l?
2, 19
Let p = -208 + 757. Let u(a) = a**2 - 7*a. Let h be u(7). Suppose -3*z + 216 = 2*d - 5*z, -5*d + 2*z + p = h. List the prime factors of d.
3, 37
Suppose 0 = -2*z + 6, 0 = w - 3*z - 127 + 126. Suppose -m = -489 - 626. Suppose 1055 = w*p - m. What are the prime factors of p?
7, 31
Let p = -59 + 55. Let s be p/(-18) + (-58)/18 + 5. Suppose -360 = -s*d - 4*b, 2*d + 5*b = -20 + 379. List the prime factors of d.
2, 7, 13
Suppose 9*s - 1112 = 7*s. Let b = s - 307. List the prime factors of b.
3, 83
Let t(f) = 19*f - 11. Let b be t(4). What are the prime factors of (441/6)/(4 - b/20)?
2, 7
List the prime factors of ((-5140541)/(-126) - (-8)/(-18))/((-5)/(-10)).
5, 16319
Let u = 65383 + -30036. List the prime factors of u.
13, 2719
Let y be (1 + 3)*(-22954)/(-184). Suppose 5*h = -2*u + y, 0 = 10*u - 9*u + 5*h - 237. What are the prime factors of u?
2, 131
Let g(u) = -u**2 + 37*u - 14. Let i be g(21). Suppose 2*l = i + 184. What are the prime factors of l?
11, 23
Suppose -2*d = -4 - 2. Suppose 0 = 9*x - d*x - 414. Suppose -4*o + 3*b + 163 = 0, 5*o + b - 130 = x. List the prime factors of o.
2, 5
Suppose 281*k - 7035 = 274*k. Suppose -3*y = 3*p - k, -3*p + 2*y + 574 = -426. What are the prime factors of p?
2, 167
Suppose -m + 2 = 6*w - 3*w, 0 = 5*w - 5. Let o be (-4)/((-2)/m) + 75 + -2. Suppose 4*c - 759 = -o. List the prime factors of c.
2, 43
Let s(l) = l**3 - 19*l**2 + 46*l - 60. What are the prime factors of s(22)?
2, 601
Suppose -85*m + 1710 = -84*m. Let h = m - 824. List the prime factors of h.
2, 443
Let q = 2798 + 2240. List the prime factors of q.
2, 11, 229
Let y(v) = 123*v + 396. Let a be y(13). Let z = 3317 - a. List the prime factors of z.
2, 661
What are the prime factors of (-154)/(-4)*22 + -1?
2, 3, 47
Suppose -23 = 3*x - 4*x + 5*w, 5*w = -5*x - 5. Suppose 2*j + 555 = 5*f + 5*j, 0 = -x*f + 4*j + 362. Suppose f = -13*z + 16*z. List the prime factors of z.
2, 19
Let w be 6*(-9)/(81/(-12)). Suppose 0*c + 4*c + w = 0, o - 4*c + 17 = 0. Let f = o - -39. List the prime factors of f.
2, 7
Let s(g) = g**3 + 4*g**2 + 52*g + 39. What are the prime factors of s(24)?
3, 5, 43
Let s(b) = -b**3 - 13*b**2 - 2*b + 6. Let w(p) = -3*p**3 - 39*p**2 - 5*p + 17. Let o(c) = -7*s(c) + 2*w(c). List the prime factors of o(-7).
2, 3, 43
Let j(p) = -43*p - 7. Let h be j(-13). Suppose -3*b + 123 + h = 0. What are the prime factors of b?
3, 5
Let v be ((-27)/18)/(15/(-410)). Suppose 3*r = 6*r - 90. Suppose -3*o + v = -n - r, o + 2*n = 12. What are the prime factors of o?
2, 11
Suppose -4*r + 3*n + 43162 = 0, 5*r - n - 7394 = 46575. What are the prime factors of r?
5, 17, 127
What are the prime factors of (((-13126)/6)/(-1))/((-98)/21 + 5)?
6563
Let f be 5/((-165)/(-6)) - (-1020)/(-165). Let g(x) = -6*x**3 - 6*x**2 - 12*x + 19. What are the prime factors of g(f)?
1171
Let l(q) = 262*q**2 - 6*q - 2. List the prime factors of l(3).
2, 7, 167
Let a = 25912 + -6924. List the prime factors of a.
2, 47, 101
Let d be 2 + -2 - (12/(-3) - -6). List the prime factors of d/10 + 1161/5.
2, 29
Let i(q) = -24*q - 7. Let x(n) = -n + 1. Let g(s) = -i(s) + 4*x(s). Suppose 0 = -5*c + 20. List the prime factors of g(c).
7, 13
Suppose -3*r + 6*k = 338 - 2231, 3*r + 4*k - 1853 = 0. Suppose d = 2*b + 651, -d = -2*d - 5*b + r. What are the prime factors of d?
643
Let g(d) = -d**3 + 10*d**2 + 28*d - 68. Let w(c) = -3*c**3 + 21*c**2 + 55*c - 135. Let y(i) = -5*g(i) + 2*w(i). List the prime factors of y(-14).
2, 7, 17
Let d(m) be the first derivative of -17*m**4 - 2*m**3/3 - 13*m**2/2 - 18*m + 272. What are the prime factors of d(-3)?
3, 613
Let x(p) be the third derivative of -p**6/120 + 13*p**5/60 + p**4/8 + 19*p**3/6 - 12*p**2. Let r be x(10). Let z = r + -205. List the prime factors of z.
2, 3
Let i(q) = 8*q**3 - 4*q**2 + 6. Suppose 16*p - 299 = 165. Suppose p*j - 34*j + 15 = 0. List the prime factors of i(j).
2, 3, 31
Let f(u) = 4*u**2 + 58*u + 29. Let i be f(-13). Let s = 173 + i. List the prime factors of s.
2, 31
Suppose 34422 = -961*t + 962*t. Suppose 56*d - t + 12358 = 0. What are the prime factors of d?
2, 197
Let x be (-2)/6 + 6/(-9). Let g be (5 + x)*1 + 0. List the prime factors of 31/(-2)*(g + -3)*-6.
3, 31
Let u(j) = -632*j - 484. What are the prime factors of u(-8)?
2, 3, 127
Let h = 512 - 516. Suppose -4*z = -4*s + 3*s - 56, 2*s - 5*z + 115 = 0. Let y = h - s. List the prime factors of y.
2, 7
Let d(m) = m**2 + 3*m - 59. List the prime factors of d(-10).
11
Let n(m) = -m**3 - 1. Let c(i) = -2*i**3 - 13*i**2 - i - 5. Let h(g) = -c(g) + 4*n(g). Let t be h(8). Let w = t - -285. List the prime factors of w.
2, 3, 17
Let b(h) = 21*h + 22. Let g be b(9). Suppose 4*l - g = 1045. What are the prime factors of l?
2, 157
Let d = 47 + -51. Let w(b) = -b**3 - 4*b**2 + 2*b + 2. Let f be w(d). Let c(i) = -7*i + 10. What are the prime f